{"id":4796,"date":"2021-08-27T20:40:43","date_gmt":"2021-08-27T20:40:43","guid":{"rendered":"https:\/\/icofom.mini.icom.museum\/?page_id=4796"},"modified":"2022-12-18T14:14:11","modified_gmt":"2022-12-18T13:14:11","slug":"obituario-dr-arquitecto-jose-linares-ferrera","status":"publish","type":"page","link":"https:\/\/icofom.mini.icom.museum\/es\/homepage\/obituarios\/obituario-dr-arquitecto-jose-linares-ferrera\/","title":{"rendered":"Obituario: Dr. Arquitecto Jos\u00e9 Linares Ferrera (2021)"},"content":{"rendered":"<p><img decoding=\"async\" loading=\"lazy\" class=\"size-medium wp-image-4793 aligncenter\" src=\"https:\/\/icofom.mini.icom.museum\/wp-content\/uploads\/sites\/18\/2021\/08\/IMG_7040-300x300.jpg\" alt=\"\" width=\"300\" height=\"300\" srcset=\"https:\/\/icofom.mini.icom.museum\/wp-content\/uploads\/sites\/18\/2021\/08\/IMG_7040-300x300.jpg 300w, https:\/\/icofom.mini.icom.museum\/wp-content\/uploads\/sites\/18\/2021\/08\/IMG_7040-150x150.jpg 150w, https:\/\/icofom.mini.icom.museum\/wp-content\/uploads\/sites\/18\/2021\/08\/IMG_7040.jpg 750w\" sizes=\"(max-width: 300px) 100vw, 300px\" \/><\/p>\n<p>Falleci\u00f3, a principio de julio de 2021, el Dr. Arquitecto Jos\u00e9 Linares Ferrera, Pepe, para todos sus colegas y amigos. Hemos perdido un pilar esencial de la cultura y particularmente de la museograf\u00eda en Cuba, a la que dedic\u00f3 su vida y se consagr\u00f3 hasta sus \u00faltimos momentos.<\/p>\n<p>Nacido en el seno de una familia humilde, desde su juventud se fascin\u00f3 por el entonces casi inexplorado mundo de los museos, con un gusto exquisito y un talento excepcional para el dibujo, el dise\u00f1o y la creaci\u00f3n. En casa de Servando Cabrera conoci\u00f3 a Marta Arjona, cuando esta se encontraba enfrascada en la creaci\u00f3n de lo que luego ser\u00eda la enorme red de museos que posee el pa\u00eds, y que a ambos mucho les debe.<\/p>\n<p>Graduado de Arquitectura, realiz\u00f3 estudios de perfeccionamiento de la especialidad en la Universidad Carolina de Praga, donde obtuve brillantes calificaciones. Continu\u00f3 trabajando junto a Marta ininterrumpidamente en los proyectos de creaci\u00f3n de nuevos museos, la formaci\u00f3n de personal para asumir tareas en las nuevas instituciones y es autor principal de los m\u00e1s importantes proyectos de remodelaci\u00f3n y readecuaci\u00f3n de los museos preexistentes, destac\u00e1ndose el trabajo realizado en los museos Oscar M. Rojas de C\u00e1rdenas y Emilio Bacard\u00ed de Santiago de Cuba. Organiz\u00f3 y particip\u00f3 activamente en los frecuentes intercambios culturales entre el bloque de pa\u00edses del CAME, y asumi\u00f3<span class=\"Apple-converted-space\">\u00a0 <\/span>el comisariado de las m\u00e1s importantes exposiciones que por primera vez se presentan en el mundo, a partir principalmente de los fondos del entonces llamado Museo Nacional.<\/p>\n<p>Al promulgarse la Ley 23, de la creaci\u00f3n de los museos municipales, dirigi\u00f3 un equipo que se encarg\u00f3 de la creaci\u00f3n de estas instituciones a esa instancia, desde el Municipio Mais\u00ed en el extremo oriental de Cuba, hasta Sandino en Pinar del R\u00edo. Fue una tarea tit\u00e1nica, de cuyas experiencias obtuvo frutos para teorizar acerca de esta experiencia \u00fanica en nuestra Regi\u00f3n y en el mundo.<\/p>\n<p>Desarroll\u00f3 una gran labor pedag\u00f3gica y docente, que lo conduce a plasmar sus experiencias en importantes libros de texto acerca de la Museograf\u00eda, que constituyen referentes esenciales en el \u00e1mbito nacional e internacional.<\/p>\n<p>Es fundador de la primera organizaci\u00f3n Regional de Museos de Am\u00e9rica Latina y el Caribe adscrita al Consejo Internacional de Museos, ICOM; al cual se mantuvo vinculado hasta su fallecimiento, ocupando el cargo vitalicio de Presidente de Honor. Represent\u00f3 a Cuba en numerosos eventos de esta organizaci\u00f3n y particip\u00f3 en varias Conferencias Generales. Imparti\u00f3 conferencias de la especialidad y acerca de sus numerosas publicaciones e investigaciones en centros culturales y educativos. Fue miembro del Board de ICOFOM LAM, actual ICOFOM LAC, desde 2017 hasta 2020.<\/p>\n<p>Durante varios a\u00f1os, sigui\u00f3 una estrecha colaboraci\u00f3n con la Rep\u00fablica Dominicana impartiendo docencia y trabajando en museos de ese pa\u00eds, especialmente el del sitio hist\u00f3rico de Montecristy.<\/p>\n<p>Se vincul\u00f3 como Jefe de Proyectos a la creaci\u00f3n del Museo Memorial Jos\u00e9 Mart\u00ed, en la base del monumento del mismo nombre, inaugurado en 1995. Conoci\u00f3 a Fidel Castro, por quien sinti\u00f3 siempre una enorme admiraci\u00f3n y de lo cual se sent\u00eda sumamente orgulloso, hasta que nuevamente en el gran proyecto del nuevo Museo Nacional de Bellas Artes, el Comandante en Jefe le confi\u00f3 esta tarea como autor principal del proyecto, que culmin\u00f3 en julio de 2001 con la ampliaci\u00f3n de esta importante instituci\u00f3n incorporando tres edificios del Centro Hist\u00f3rico de la Ciudad. Continu\u00f3 de inmediato la enorme tarea de la remodelaci\u00f3n del inmueble del que ser\u00eda el Colegio de San Ger\u00f3nimo, junto a su entra\u00f1able amigo Eusebio Leal, a quien le uni\u00f3 una profunda amistad.<\/p>\n<p>Juntos compartieron la Presidencia del Comit\u00e9 Cubano del ICOM, y luego ocup\u00f3 \u00e9l mismo la Presidencia, electo por todos sus colegas.<\/p>\n<p>Fue merecedor de las m\u00e1s importantes condecoraciones que otorga el sector de la Cultura, como la Distinci\u00f3n por la Cultura Nacional, Orden Juan Marinello, Medalla Alejo Carpentier, Premio Nacional de Patrimonio Cultural y otras muchas, algunas de car\u00e1cter internacional.<\/p>\n<p>Fue Miembro de la UNEAC, UNAIC y Profesor Titular de la Especialidad de Museograf\u00eda en el Colegio de San Ger\u00f3nimo de la Universidad de la Habana.<\/p>\n<p>El pr\u00f3ximo mes de septiembre hubiera cumplido 81 a\u00f1os.<\/p>\n<p>Escrito por Moraima Clavijo.<\/p>\n<p>___<\/p>\n<p>Faleceu, no princ\u00edpio de julho de 2021, o Dr. Arquiteto Jos\u00e9 Linares Ferrera, Pepe, para todos os seus colegas e amigos. Perdemos um pilar essencial da cultura e particularmente da museografia em Cuba, a qual dedicou e consagrou a sua vida at\u00e9 seus \u00faltimos<span class=\"Apple-converted-space\">\u00a0 <\/span>momentos.<\/p>\n<p>Nascido no seio de uma fam\u00edlia humilde, desde a sua juventude, fascinou-se pelo, ent\u00e3o, quase inexplorado mundo dos museus, com um gosto requintado e um talento excepcional para o desenho, o design e a cria\u00e7\u00e3o. Conheceu<span class=\"Apple-converted-space\">\u00a0 <\/span>Marta Arjona na casa de Servando Cabrera, quando esta dedicava-se \u00e0 cria\u00e7\u00e3o do que, posteriormente, se tornaria a grande rede de museus do seu pa\u00eds,<span class=\"Apple-converted-space\">\u00a0 <\/span>e a quem ambos devem muito.<\/p>\n<p>Graduado em Arquitetura, realizou estudos avan\u00e7ados dessa \u00e1rea na Universidade Carolina de Praga, onde obteve notas brilhantes. Permaneceu trabalhando ininterruptamente nos projetos de cria\u00e7\u00e3o de novos museus, junto a Marta Arjona, assim como na forma\u00e7\u00e3o de profissionais para assumir fun\u00e7\u00f5es nas novas institui\u00e7\u00f5es e foi o autor principal dos mais importantes projetos de renova\u00e7\u00e3o e readequa\u00e7\u00e3o dos museus preexistentes, destacando-se o trabalho realizado nos museus Oscar M. Rojas de C\u00e1rdenas e Emilio Bacard\u00ed de Santiago de Cuba. Organizou e participou ativamente dos frequentes interc\u00e2mbios culturais entre bloco de pa\u00edses do CAME, e assumiu a coordena\u00e7\u00e3o das mais importantes exposi\u00e7\u00f5es que, pela primeira vez, se apresentavam no mundo, a partir principalmente dos fundos do ent\u00e3o denominado Museu Nacional.<\/p>\n<p>Com a promulga\u00e7\u00e3o da Lei 23 sobre a cria\u00e7\u00e3o de museus municipais, assumiu a dire\u00e7\u00e3o de uma equipe que se encarregou da cria\u00e7\u00e3o das institui\u00e7\u00f5es nessa inst\u00e2ncia, desde o munic\u00edpio de Mais\u00ed, no extremo oriental de Cuba, at\u00e9 Sandino em Pinar del R\u00edo. Foi uma tarefa tit\u00e2nica, de cujas experi\u00eancias obteve frutos para teorizar sobre essa experi\u00eancia \u00fanica, tanto em nossa regi\u00e3o como no mundo.<\/p>\n<p>Desenvolveu um grande trabalho pedag\u00f3gico e de ensino, o que o conduziu a transcrever suas experi\u00eancias em importantes livros did\u00e1ticos sobre Museografia, que constituem refer\u00eancias essenciais no \u00e2mbito nacional e internacional.<\/p>\n<p>\u00c9 fundador da primeira Organiza\u00e7\u00e3o Regional de Museus da Am\u00e9rica Latina e Caribe, vinculado ao Conselho Internacional de Museus, ICOM; ao qual permaneceu ligado at\u00e9 seu falecimento, ocupando o cargo vital\u00edcio de Presidente Honor\u00e1rio. Representou Cuba em numerosos eventos dessa organiza\u00e7\u00e3o e participou em v\u00e1rias Confer\u00eancias Gerais. Proferiu confer\u00eancias relacionadas a sua especialidade e sobre suas in\u00fameras publica\u00e7\u00f5es e pesquisas em centros culturais e educativos. Foi membro do Board do ICOFOM LAM, atual ICOFOM LAC, de 2017 a 2020.<\/p>\n<p>Por v\u00e1rios anos, manteve uma estreita colabora\u00e7\u00e3o com a Rep\u00fablica Dominicana, ensinando e trabalhando em museus daquele pa\u00eds, especialmente no s\u00edtio hist\u00f3rico de Montecristy.<\/p>\n<p>Esteve vinculado, como Diretor de Projetos, \u00e0 cria\u00e7\u00e3o do Museu Memorial Jos\u00e9 Mart\u00ed, dando sustenta\u00e7\u00e3o \u00e0 cria\u00e7\u00e3o do monumento com o mesmo nome, inaugurado em 1995. Conheceu Fidel Castro, por quem sempre sentiu enorme admira\u00e7\u00e3o, motivo pelo qual muito se orgulhava, at\u00e9 que, novamente, no grande projeto do novo Museu Nacional de Belas Artes, o Comandante em Chefe lhe atribuiu a autoria principal do projeto, que culminou, em julho de 2001,<span class=\"Apple-converted-space\">\u00a0 <\/span>com a amplia\u00e7\u00e3o dessa importante institui\u00e7\u00e3o, sendo incorporados tr\u00eas edif\u00edcios do Centro Hist\u00f3rico da Cidade. De imediato, deu continuidade a grande tarefa de remodela\u00e7\u00e3o do edif\u00edcio, do que viria a ser<span class=\"Apple-converted-space\">\u00a0 <\/span>o Col\u00e9gio de San Ger\u00f3nimo, juntamente com o seu grande amigo Eusebio Leal, com quem manteve uma profunda amizade. Juntos compartilharam a Presid\u00eancia do Comit\u00ea Cubano do ICOM, sendo ocupada a presid\u00eancia, em seguida, por ele mesmo, eleito por todos os seus colegas.<\/p>\n<p>Recebeu as condecora\u00e7\u00f5es mais importantes concedidas pela \u00e1rea da Cultura, como a Distin\u00e7\u00e3o da Cultura Nacional, Ordem Juan Marinello, Medalha Alejo Carpentier, Pr\u00eamio Nacional do Patrim\u00f4nio Cultural e muitos outros, alguns de car\u00e1ter internacional.<\/p>\n<p>Foi Membro da UNEAC, UNAIC e Professor Titular da Especialidade de Museografia do Col\u00e9gio de San Ger\u00f3nimo da Universidade de Havana.<\/p>\n<p>No pr\u00f3ximo m\u00eas de setembro, ele completaria 81 anos.<\/p>\n<p>Escrito por Moraima Clavijo.<\/p>\n<p>Traduzido por Silvilene de Barros Ribeiro Morais.<\/p>\n","protected":false},"excerpt":{"rendered":"<p>Falleci\u00f3, a principio de julio de 2021, el Dr. Arquitecto Jos\u00e9 Linares Ferrera, Pepe, para todos sus colegas y amigos. Hemos perdido un pilar esencial de la cultura y particularmente de la museograf\u00eda en Cuba, a la que dedic\u00f3 su vida y se consagr\u00f3 hasta sus \u00faltimos momentos. Nacido en el seno de una familia [&hellip;]<\/p>\n","protected":false},"author":78,"featured_media":0,"parent":160,"menu_order":4,"comment_status":"closed","ping_status":"closed","template":"","meta":{"footnotes":""},"yst_prominent_words":[78,1694,215,194,718,86],"acf":[],"_links":{"self":[{"href":"https:\/\/icofom.mini.icom.museum\/es\/wp-json\/wp\/v2\/pages\/4796"}],"collection":[{"href":"https:\/\/icofom.mini.icom.museum\/es\/wp-json\/wp\/v2\/pages"}],"about":[{"href":"https:\/\/icofom.mini.icom.museum\/es\/wp-json\/wp\/v2\/types\/page"}],"author":[{"embeddable":true,"href":"https:\/\/icofom.mini.icom.museum\/es\/wp-json\/wp\/v2\/users\/78"}],"replies":[{"embeddable":true,"href":"https:\/\/icofom.mini.icom.museum\/es\/wp-json\/wp\/v2\/comments?post=4796"}],"version-history":[{"count":2,"href":"https:\/\/icofom.mini.icom.museum\/es\/wp-json\/wp\/v2\/pages\/4796\/revisions"}],"predecessor-version":[{"id":5970,"href":"https:\/\/icofom.mini.icom.museum\/es\/wp-json\/wp\/v2\/pages\/4796\/revisions\/5970"}],"up":[{"embeddable":true,"href":"https:\/\/icofom.mini.icom.museum\/es\/wp-json\/wp\/v2\/pages\/160"}],"wp:attachment":[{"href":"https:\/\/icofom.mini.icom.museum\/es\/wp-json\/wp\/v2\/media?parent=4796"}],"wp:term":[{"taxonomy":"yst_prominent_words","embeddable":true,"href":"https:\/\/icofom.mini.icom.museum\/es\/wp-json\/wp\/v2\/yst_prominent_words?post=4796"}],"curies":[{"name":"wp","href":"https:\/\/api.w.org\/{rel}","templated":true}]}}

Obituario: Dr. Arquitecto José Linares Ferrera (2021)

<p><img decoding="async" loading="lazy" class="size-medium wp-image-4793 aligncenter" src="https://icofom.mini.icom.museum/wp-content/uploads/sites/18/2021/08/IMG_7040-300x300.jpg" alt="" width="300" height="300" srcset="https://icofom.mini.icom.museum/wp-content/uploads/sites/18/2021/08/IMG_7040-300x300.jpg 300w, https://icofom.mini.icom.museum/wp-content/uploads/sites/18/2021/08/IMG_7040-150x150.jpg 150w, https://icofom.mini.icom.museum/wp-content/uploads/sites/18/2021/08/IMG_7040.jpg 750w" sizes="(max-width: 300px) 100vw, 300px" /></p>
<p>Falleció, a principio de julio de 2021, el Dr. Arquitecto José Linares Ferrera, Pepe, para todos sus colegas y amigos. Hemos perdido un pilar esencial de la cultura y particularmente de la museografía en Cuba, a la que dedicó su vida y se consagró hasta sus últimos momentos.</p>
<p>Nacido en el seno de una familia humilde, desde su juventud se fascinó por el entonces casi inexplorado mundo de los museos, con un gusto exquisito y un talento excepcional para el dibujo, el diseño y la creación. En casa de Servando Cabrera conoció a Marta Arjona, cuando esta se encontraba enfrascada en la creación de lo que luego sería la enorme red de museos que posee el país, y que a ambos mucho les debe.</p>
<p>Graduado de Arquitectura, realizó estudios de perfeccionamiento de la especialidad en la Universidad Carolina de Praga, donde obtuve brillantes calificaciones. Continuó trabajando junto a Marta ininterrumpidamente en los proyectos de creación de nuevos museos, la formación de personal para asumir tareas en las nuevas instituciones y es autor principal de los más importantes proyectos de remodelación y readecuación de los museos preexistentes, destacándose el trabajo realizado en los museos Oscar M. Rojas de Cárdenas y Emilio Bacardí de Santiago de Cuba. Organizó y participó activamente en los frecuentes intercambios culturales entre el bloque de países del CAME, y asumió<span class="Apple-converted-space">  </span>el comisariado de las más importantes exposiciones que por primera vez se presentan en el mundo, a partir principalmente de los fondos del entonces llamado Museo Nacional.</p>
<p>Al promulgarse la Ley 23, de la creación de los museos municipales, dirigió un equipo que se encargó de la creación de estas instituciones a esa instancia, desde el Municipio Maisí en el extremo oriental de Cuba, hasta Sandino en Pinar del Río. Fue una tarea titánica, de cuyas experiencias obtuvo frutos para teorizar acerca de esta experiencia única en nuestra Región y en el mundo.</p>
<p>Desarrolló una gran labor pedagógica y docente, que lo conduce a plasmar sus experiencias en importantes libros de texto acerca de la Museografía, que constituyen referentes esenciales en el ámbito nacional e internacional.</p>
<p>Es fundador de la primera organización Regional de Museos de América Latina y el Caribe adscrita al Consejo Internacional de Museos, ICOM; al cual se mantuvo vinculado hasta su fallecimiento, ocupando el cargo vitalicio de Presidente de Honor. Representó a Cuba en numerosos eventos de esta organización y participó en varias Conferencias Generales. Impartió conferencias de la especialidad y acerca de sus numerosas publicaciones e investigaciones en centros culturales y educativos. Fue miembro del Board de ICOFOM LAM, actual ICOFOM LAC, desde 2017 hasta 2020.</p>
<p>Durante varios años, siguió una estrecha colaboración con la República Dominicana impartiendo docencia y trabajando en museos de ese país, especialmente el del sitio histórico de Montecristy.</p>
<p>Se vinculó como Jefe de Proyectos a la creación del Museo Memorial José Martí, en la base del monumento del mismo nombre, inaugurado en 1995. Conoció a Fidel Castro, por quien sintió siempre una enorme admiración y de lo cual se sentía sumamente orgulloso, hasta que nuevamente en el gran proyecto del nuevo Museo Nacional de Bellas Artes, el Comandante en Jefe le confió esta tarea como autor principal del proyecto, que culminó en julio de 2001 con la ampliación de esta importante institución incorporando tres edificios del Centro Histórico de la Ciudad. Continuó de inmediato la enorme tarea de la remodelación del inmueble del que sería el Colegio de San Gerónimo, junto a su entrañable amigo Eusebio Leal, a quien le unió una profunda amistad.</p>
<p>Juntos compartieron la Presidencia del Comité Cubano del ICOM, y luego ocupó él mismo la Presidencia, electo por todos sus colegas.</p>
<p>Fue merecedor de las más importantes condecoraciones que otorga el sector de la Cultura, como la Distinción por la Cultura Nacional, Orden Juan Marinello, Medalla Alejo Carpentier, Premio Nacional de Patrimonio Cultural y otras muchas, algunas de carácter internacional.</p>
<p>Fue Miembro de la UNEAC, UNAIC y Profesor Titular de la Especialidad de Museografía en el Colegio de San Gerónimo de la Universidad de la Habana.</p>
<p>El próximo mes de septiembre hubiera cumplido 81 años.</p>
<p>Escrito por Moraima Clavijo.</p>
<p>___</p>
<p>Faleceu, no princípio de julho de 2021, o Dr. Arquiteto José Linares Ferrera, Pepe, para todos os seus colegas e amigos. Perdemos um pilar essencial da cultura e particularmente da museografia em Cuba, a qual dedicou e consagrou a sua vida até seus últimos<span class="Apple-converted-space">  </span>momentos.</p>
<p>Nascido no seio de uma família humilde, desde a sua juventude, fascinou-se pelo, então, quase inexplorado mundo dos museus, com um gosto requintado e um talento excepcional para o desenho, o design e a criação. Conheceu<span class="Apple-converted-space">  </span>Marta Arjona na casa de Servando Cabrera, quando esta dedicava-se à criação do que, posteriormente, se tornaria a grande rede de museus do seu país,<span class="Apple-converted-space">  </span>e a quem ambos devem muito.</p>
<p>Graduado em Arquitetura, realizou estudos avançados dessa área na Universidade Carolina de Praga, onde obteve notas brilhantes. Permaneceu trabalhando ininterruptamente nos projetos de criação de novos museus, junto a Marta Arjona, assim como na formação de profissionais para assumir funções nas novas instituições e foi o autor principal dos mais importantes projetos de renovação e readequação dos museus preexistentes, destacando-se o trabalho realizado nos museus Oscar M. Rojas de Cárdenas e Emilio Bacardí de Santiago de Cuba. Organizou e participou ativamente dos frequentes intercâmbios culturais entre bloco de países do CAME, e assumiu a coordenação das mais importantes exposições que, pela primeira vez, se apresentavam no mundo, a partir principalmente dos fundos do então denominado Museu Nacional.</p>
<p>Com a promulgação da Lei 23 sobre a criação de museus municipais, assumiu a direção de uma equipe que se encarregou da criação das instituições nessa instância, desde o município de Maisí, no extremo oriental de Cuba, até Sandino em Pinar del Río. Foi uma tarefa titânica, de cujas experiências obteve frutos para teorizar sobre essa experiência única, tanto em nossa região como no mundo.</p>
<p>Desenvolveu um grande trabalho pedagógico e de ensino, o que o conduziu a transcrever suas experiências em importantes livros didáticos sobre Museografia, que constituem referências essenciais no âmbito nacional e internacional.</p>
<p>É fundador da primeira Organização Regional de Museus da América Latina e Caribe, vinculado ao Conselho Internacional de Museus, ICOM; ao qual permaneceu ligado até seu falecimento, ocupando o cargo vitalício de Presidente Honorário. Representou Cuba em numerosos eventos dessa organização e participou em várias Conferências Gerais. Proferiu conferências relacionadas a sua especialidade e sobre suas inúmeras publicações e pesquisas em centros culturais e educativos. Foi membro do Board do ICOFOM LAM, atual ICOFOM LAC, de 2017 a 2020.</p>
<p>Por vários anos, manteve uma estreita colaboração com a República Dominicana, ensinando e trabalhando em museus daquele país, especialmente no sítio histórico de Montecristy.</p>
<p>Esteve vinculado, como Diretor de Projetos, à criação do Museu Memorial José Martí, dando sustentação à criação do monumento com o mesmo nome, inaugurado em 1995. Conheceu Fidel Castro, por quem sempre sentiu enorme admiração, motivo pelo qual muito se orgulhava, até que, novamente, no grande projeto do novo Museu Nacional de Belas Artes, o Comandante em Chefe lhe atribuiu a autoria principal do projeto, que culminou, em julho de 2001,<span class="Apple-converted-space">  </span>com a ampliação dessa importante instituição, sendo incorporados três edifícios do Centro Histórico da Cidade. De imediato, deu continuidade a grande tarefa de remodelação do edifício, do que viria a ser<span class="Apple-converted-space">  </span>o Colégio de San Gerónimo, juntamente com o seu grande amigo Eusebio Leal, com quem manteve uma profunda amizade. Juntos compartilharam a Presidência do Comitê Cubano do ICOM, sendo ocupada a presidência, em seguida, por ele mesmo, eleito por todos os seus colegas.</p>
<p>Recebeu as condecorações mais importantes concedidas pela área da Cultura, como a Distinção da Cultura Nacional, Ordem Juan Marinello, Medalha Alejo Carpentier, Prêmio Nacional do Patrimônio Cultural e muitos outros, alguns de caráter internacional.</p>
<p>Foi Membro da UNEAC, UNAIC e Professor Titular da Especialidade de Museografia do Colégio de San Gerónimo da Universidade de Havana.</p>
<p>No próximo mês de setembro, ele completaria 81 anos.</p>
<p>Escrito por Moraima Clavijo.</p>
<p>Traduzido por Silvilene de Barros Ribeiro Morais.</p>

<p>Falleció, a principio de julio de 2021, el Dr. Arquitecto José Linares Ferrera, Pepe, para todos sus colegas y amigos. Hemos perdido un pilar esencial de la cultura y particularmente de la museografía en Cuba, a la que dedicó su vida y se consagró hasta sus últimos momentos. Nacido en el seno de una familia [&hellip;]</p>
