{"id":6004,"date":"2022-12-21T14:22:38","date_gmt":"2022-12-21T13:22:38","guid":{"rendered":"https:\/\/icofom.mini.icom.museum\/?page_id=6004"},"modified":"2023-07-24T16:23:26","modified_gmt":"2023-07-24T14:23:26","slug":"grupos-de-trabajo","status":"publish","type":"page","link":"https:\/\/icofom.mini.icom.museum\/es\/homepage\/grupos-de-trabajo\/","title":{"rendered":"Grupos de trabajo 2022-2025"},"content":{"rendered":"<p>Para el periodo 2022-2025, hemos formado los siguientes grupos de trabajo:<\/p>\n<h3>\n<strong>Grupo de Trabajo sobre Conferencias<\/strong><\/h3>\n<p><em>Presidentes:<\/em><\/p>\n<ul>\n<li>Marion Bertin<\/li>\n<li>Jamie Allan Brown<\/li>\n<\/ul>\n<p><em>Miembros del grupo:<\/em><\/p>\n<ul>\n<li>Karen Brown<\/li>\n<\/ul>\n<h3>Grupo de Trabajo sobre Comunicaciones<\/h3>\n<p><em>Presidenta:<\/em><\/p>\n<ul>\n<li>Anna Leshchenko, editora del bolet\u00edn de noticias<\/li>\n<\/ul>\n<p><em>Miembros del grupo:<\/em><\/p>\n<ul>\n<li>Marion Bertin, traductora y correctora (Franc\u00e9s), moderadora en LinkedIn<\/li>\n<li>Melissa Aguilar, traductora y correctora (Espa\u00f1ol), actualizaci\u00f3n de noticias en el sitio web, moderadora en Instagram<\/li>\n<li>Scarlet Rocio Galindo Monteagudo, moderadora en Facebook<\/li>\n<li>Jamie Allan Brown, moderator en Twitter<\/li>\n<li>Gabriel Joffray, traductor y corrector\u00a0(voluntario, Enero-Mayo 2023)<\/li>\n<\/ul>\n<h3>Grupo de trabajo sobre sitio web<\/h3>\n<p><em>Presidenta:<\/em><\/p>\n<ul>\n<li>Melissa Aguilar Rojas<\/li>\n<\/ul>\n<p><em>Miembros del grupo:<\/em><\/p>\n<ul>\n<li>Anna Leshchenko<\/li>\n<li>Lynn Maranda<\/li>\n<li>Gabriel Joffray\u00a0(voluntario, Enero-Mayo 2023)<\/li>\n<\/ul>\n<h3>Grupo de trabajo sobre \u00e9tica (revisi\u00f3n del c\u00f3digo deontol\u00f3gico del ICOM)<\/h3>\n<p><em>Presidentes:<\/em><\/p>\n<ul>\n<li>Bruno Brulon Soares<\/li>\n<li>Supreo Chanda<\/li>\n<\/ul>\n<p><em>Miembros del grupo:<\/em><\/p>\n<ul>\n<li>Anna Leshchenko<\/li>\n<li>Lynn Maranda<\/li>\n<li>Ernest Kpan<\/li>\n<\/ul>\n<h3>Grupo de trabajo sobre publicaciones<\/h3>\n<p><em>Presidenta:<\/em><\/p>\n<ul>\n<li>Elizabeth Weiser<\/li>\n<\/ul>\n<p style=\"text-align: left\"><em>Miembros del grupo:<\/em><\/p>\n<ul>\n<li>Bruno Brulon Soares, Universidad de St Andrews, Escocia<\/li>\n<li>Ernest Kpan, Instituto Nacional de Arte y Acci\u00f3n Cultural (INSAAC), Costa de Marfil<\/li>\n<li>Melissa Aguilar, Museo de la Identidad y Orgullo, MIO, Costa Rica<\/li>\n<li>Marion Bertin, Universidad de Avi\u00f1\u00f3n, Centro Norbert Elias, Francia<\/li>\n<li>Lynn Maranda, Curadora Em\u00e9rita, Museo de Vancouver, Canad\u00e1<\/li>\n<li>Scarlet Galindo, Gerente, Museo Nacional de Acuarela Alfredo Guati Rojo, M\u00e9xico<\/li>\n<li>Supreo Chanda, Universidad de Calcuta, India<\/li>\n<li>Zheng Yi, Margaret \u590d\u65e6\u5927\u5b66 Universidad de Fudan, China<\/li>\n<\/ul>\n","protected":false},"excerpt":{"rendered":"<p>Para el periodo 2022-2025, hemos formado los siguientes grupos de trabajo: Grupo de Trabajo sobre Conferencias Presidentes: Marion Bertin Jamie Allan Brown Miembros del grupo: Karen Brown Grupo de Trabajo sobre Comunicaciones Presidenta: Anna Leshchenko, editora del bolet\u00edn de noticias Miembros del grupo: Marion Bertin, traductora y correctora (Franc\u00e9s), moderadora en LinkedIn Melissa Aguilar, traductora [&hellip;]<\/p>\n","protected":false},"author":78,"featured_media":0,"parent":108,"menu_order":0,"comment_status":"closed","ping_status":"closed","template":"","meta":{"footnotes":""},"yst_prominent_words":[328,979,977,2274,2259,980,976,972,2820],"acf":[],"_links":{"self":[{"href":"https:\/\/icofom.mini.icom.museum\/es\/wp-json\/wp\/v2\/pages\/6004"}],"collection":[{"href":"https:\/\/icofom.mini.icom.museum\/es\/wp-json\/wp\/v2\/pages"}],"about":[{"href":"https:\/\/icofom.mini.icom.museum\/es\/wp-json\/wp\/v2\/types\/page"}],"author":[{"embeddable":true,"href":"https:\/\/icofom.mini.icom.museum\/es\/wp-json\/wp\/v2\/users\/78"}],"replies":[{"embeddable":true,"href":"https:\/\/icofom.mini.icom.museum\/es\/wp-json\/wp\/v2\/comments?post=6004"}],"version-history":[{"count":3,"href":"https:\/\/icofom.mini.icom.museum\/es\/wp-json\/wp\/v2\/pages\/6004\/revisions"}],"predecessor-version":[{"id":6641,"href":"https:\/\/icofom.mini.icom.museum\/es\/wp-json\/wp\/v2\/pages\/6004\/revisions\/6641"}],"up":[{"embeddable":true,"href":"https:\/\/icofom.mini.icom.museum\/es\/wp-json\/wp\/v2\/pages\/108"}],"wp:attachment":[{"href":"https:\/\/icofom.mini.icom.museum\/es\/wp-json\/wp\/v2\/media?parent=6004"}],"wp:term":[{"taxonomy":"yst_prominent_words","embeddable":true,"href":"https:\/\/icofom.mini.icom.museum\/es\/wp-json\/wp\/v2\/yst_prominent_words?post=6004"}],"curies":[{"name":"wp","href":"https:\/\/api.w.org\/{rel}","templated":true}]}}

<p>Para el periodo 2022-2025, hemos formado los siguientes grupos de trabajo:</p>
<h3>
<strong>Grupo de Trabajo sobre Conferencias</strong></h3>
<p><em>Presidentes:</em></p>
<ul>
<li>Marion Bertin</li>
<li>Jamie Allan Brown</li>
</ul>
<p><em>Miembros del grupo:</em></p>
<ul>
<li>Karen Brown</li>
</ul>
<h3>Grupo de Trabajo sobre Comunicaciones</h3>
<p><em>Presidenta:</em></p>
<ul>
<li>Anna Leshchenko, editora del boletín de noticias</li>
</ul>
<p><em>Miembros del grupo:</em></p>
<ul>
<li>Marion Bertin, traductora y correctora (Francés), moderadora en LinkedIn</li>
<li>Melissa Aguilar, traductora y correctora (Español), actualización de noticias en el sitio web, moderadora en Instagram</li>
<li>Scarlet Rocio Galindo Monteagudo, moderadora en Facebook</li>
<li>Jamie Allan Brown, moderator en Twitter</li>
<li>Gabriel Joffray, traductor y corrector (voluntario, Enero-Mayo 2023)</li>
</ul>
<h3>Grupo de trabajo sobre sitio web</h3>
<p><em>Presidenta:</em></p>
<ul>
<li>Melissa Aguilar Rojas</li>
</ul>
<p><em>Miembros del grupo:</em></p>
<ul>
<li>Anna Leshchenko</li>
<li>Lynn Maranda</li>
<li>Gabriel Joffray (voluntario, Enero-Mayo 2023)</li>
</ul>
<h3>Grupo de trabajo sobre ética (revisión del código deontológico del ICOM)</h3>
<p><em>Presidentes:</em></p>
<ul>
<li>Bruno Brulon Soares</li>
<li>Supreo Chanda</li>
</ul>
<p><em>Miembros del grupo:</em></p>
<ul>
<li>Anna Leshchenko</li>
<li>Lynn Maranda</li>
<li>Ernest Kpan</li>
</ul>
<h3>Grupo de trabajo sobre publicaciones</h3>
<p><em>Presidenta:</em></p>
<ul>
<li>Elizabeth Weiser</li>
</ul>
<p style="text-align: left"><em>Miembros del grupo:</em></p>
<ul>
<li>Bruno Brulon Soares, Universidad de St Andrews, Escocia</li>
<li>Ernest Kpan, Instituto Nacional de Arte y Acción Cultural (INSAAC), Costa de Marfil</li>
<li>Melissa Aguilar, Museo de la Identidad y Orgullo, MIO, Costa Rica</li>
<li>Marion Bertin, Universidad de Aviñón, Centro Norbert Elias, Francia</li>
<li>Lynn Maranda, Curadora Emérita, Museo de Vancouver, Canadá</li>
<li>Scarlet Galindo, Gerente, Museo Nacional de Acuarela Alfredo Guati Rojo, México</li>
<li>Supreo Chanda, Universidad de Calcuta, India</li>
<li>Zheng Yi, Margaret 复旦大学 Universidad de Fudan, China</li>
</ul>

<p>Para el periodo 2022-2025, hemos formado los siguientes grupos de trabajo: Grupo de Trabajo sobre Conferencias Presidentes: Marion Bertin Jamie Allan Brown Miembros del grupo: Karen Brown Grupo de Trabajo sobre Comunicaciones Presidenta: Anna Leshchenko, editora del boletín de noticias Miembros del grupo: Marion Bertin, traductora y correctora (Francés), moderadora en LinkedIn Melissa Aguilar, traductora [&hellip;]</p>
